it of 49320?
2
What is the hundreds digit of 525751?
7
What is the tens digit of 4861241?
4
What is the hundred thousands digit of 5400939?
4
What is the units digit of 11986978?
8
What is the thousands digit of 383869?
3
What is the thousands digit of 931168?
1
What is the hundreds digit of 10201?
2
What is the ten thousands digit of 10517064?
1
What is the hundreds digit of 717720?
7
What is the ten thousands digit of 284397?
8
What is the millions digit of 16930601?
6
What is the tens digit of 2353295?
9
What is the hundred thousands digit of 4097089?
0
What is the units digit of 102706?
6
What is the hundred thousands digit of 16796559?
7
What is the tens digit of 2406364?
6
What is the hundreds digit of 499129?
1
What is the thousands digit of 11350799?
0
What is the units digit of 5208542?
2
What is the tens digit of 412680?
8
What is the hundred thousands digit of 12315100?
3
What is the hundred thousands digit of 10417956?
4
What is the ten thousands digit of 617666?
1
What is the ten thousands digit of 142737?
4
What is the thousands digit of 1080260?
0
What is the hundreds digit of 8141350?
3
What is the tens digit of 3217491?
9
What is the hundreds digit of 2678939?
9
What is the hundreds digit of 176692?
6
What is the units digit of 42721657?
7
What is the hundreds digit of 698235?
2
What is the tens digit of 8700439?
3
What is the hundred thousands digit of 1246219?
2
What is the tens digit of 517096?
9
What is the ten thousands digit of 33722?
3
What is the ten thousands digit of 15021404?
2
What is the hundred thousands digit of 4332131?
3
What is the units digit of 160034?
4
What is the ten thousands digit of 29970673?
7
What is the millions digit of 3072201?
3
What is the thousands digit of 1370168?
0
What is the ten thousands digit of 19542351?
4
What is the ten thousands digit of 1548618?
4
What is the hundred thousands digit of 2424972?
4
What is the ten thousands digit of 3512175?
1
What is the hundred thousands digit of 4476977?
4
What is the thousands digit of 816035?
6
What is the millions digit of 4129986?
4
What is the ten thousands digit of 25982981?
8
What is the ten thousands digit of 170724?
7
What is the millions digit of 26258926?
6
What is the tens digit of 4886018?
1
What is the tens digit of 217195?
9
What is the millions digit of 8217547?
8
What is the units digit of 147912?
2
What is the thousands digit of 15610335?
0
What is the tens digit of 7916739?
3
What is the tens digit of 210285?
8
What is the units digit of 1875866?
6
What is the ten thousands digit of 343148?
4
What is the hundreds digit of 1873307?
3
What is the hundred thousands digit of 575785?
5
What is the hundreds digit of 175880?
8
What is the tens digit of 6219513?
1
What is the thousands digit of 2677228?
7
What is the tens digit of 7565628?
2
What is the tens digit of 282280?
8
What is the thousands digit of 8419209?
9
What is the tens digit of 167157?
5
What is the units digit of 113122?
2
What is the tens digit of 11005?
0
What is the hundred thousands digit of 1954635?
9
What is the millions digit of 11087919?
1
What is the ten thousands digit of 327424?
2
What is the hundreds digit of 11687673?
6
What is the thousands digit of 559422?
9
What is the ten thousands digit of 5662851?
6
What is the hundreds digit of 558530?
5
What is the hundred thousands digit of 2315522?
3
What is the thousands digit of 200253?
0
What is the thousands digit of 118658?
8
What is the tens digit of 7300835?
3
What is the units digit of 4469?
9
What is the millions digit of 1012370?
1
What is the tens digit of 4771805?
0
What is the tens digit of 689730?
3
What is the millions digit of 14343141?
4
What is the millions digit of 10354846?
0
What is the hundreds digit of 20394423?
4
What is the ten thousands digit of 207652?
0
What is the thousands digit of 211754?
1
What is the ten thousands digit of 1027838?
2
What is the thousands digit of 23667?
3
What is the thousands digit of 144078?
4
What is the thousands digit of 350397?
0
What is the units digit of 315722?
2
What is the units digit of 1349793?
3
What is the thousands digit of 21632830?
2
What is the units digit of 323080?
0
What is the ten thousands digit of 4409694?
0
What is the ten thousands digit of 8355773?
5
What is the hundreds digit of 3921931?
9
What is the hundred thousands digit of 6028051?
0
What is the units digit of 1342518?
8
What is the ten thousands digit of 188307?
8
What is the ten thousands digit of 2107651?
0
What is the hundred thousands digit of 155646?
1
What is the tens digit of 1636845?
4
What is the hundred thousands digit of 265631?
2
What is the hundreds digit of 324561?
5
What is the millions digit of 6223183?
6
What is the tens digit of 2162659?
5
What is the ten thousands digit of 6891970?
9
What is the ten thousands digit of 776027?
7
What is the tens digit of 820237?
3
What is the hundred thousands digit of 5382015?
3
What is the millions digit of 2311469?
2
What is the ten thousands digit of 34694?
3
What is the ten thousands digit of 16387468?
8
What is the ten thousands digit of 536777?
3
What is the hundreds digit of 20796?
7
What is the ten thousands digit of 1546531?
4
What is the units digit of 443391?
1
What is the hundred thousands digit of 105590?
1
What is the hundred thousands digit of 1222124?
2
What is the hundred thousands digit of 1260377?
2
What is the units digit of 20191048?
8
What is the units digit of 50821?
1
What is the units digit of 1495346?
6
What is the units digit of 95811?
1
What is the thousands digit of 205646?
5
What is the thousands digit of 1004625?
4
What is the units digit of 93539?
9
What is the thousands digit of 21513966?
3
What is the ten thousands digit of 256049?
5
What is the tens digit of 9643167?
6
What is the hundreds digit of 785380?
3
What is the tens digit of 3213277?
7
What is the hundred thousands digit of 378603?
3
What is the hundred thousands digit of 182448?
1
What is the millions digit of 3496630?
3
What is the hundreds digit of 9236813?
8
What is the thousands digit of 263509?
3
What is the tens digit of 286855?
5
What is the tens digit of 1531154?
5
What is the millions digit of 4682696?
4
What is the ten thousands digit of 309756?
0
What is the tens digit of 146326?
2
What is the ten thousands digit of 228112?
2
What is the ten thousands digit of 3238535?
3
What is the thousands digit of 1706357?
6
What is the millions digit of 12960312?
2
What is the units digit of 3049975?
5
What is the units digit of 43294?
4
What is the ten thousands digit of 850657?
5
What is the thousands digit of 161198?
1
What is the tens digit of 148942?
4
What is the hundreds digit of 196504?
5
What is the thousands digit of 870994?
0
What is the thousands digit of 1503966?
3
What is the hundred thousands digit of 255288?
2
What is the tens digit of 215009?
0
What is the hundreds digit of 3110447?
4
What is the thousands digit of 69398?
9
What is the millions digit of 4221123?
4
What is the tens digit of 1557785?
8
What is the hundred thousands digit of 108489?
1
What is the tens digit of 4592004?
0
What is the hundred thousands digit of 1357664?
3
What is the hundred thousands digit of 264811?
2
What is the hundreds digit of 1077078?
0
What is the hundred thousands digit of 635685?
6
What is the tens digit of 3195517?
1
What is the hundred thousands digit of 649671?
6
What is the ten thousands digit of 524141?
2
What is the ten millions digit of 16114165?
1
What is the hundred thousands digit of 2789768?
7
What is the ten thousands digit of 2109987?
0
What is the millions digit of 2103807?
2
What is the thousands digit of 93225?
3
What is the units digit of 490993?
3
What is the tens digit of 642341?
4
What is the hundreds digit of 469931?
9
What is the tens digit of 3959385?
8
What is the hundreds digit of 1416018?
0
What is the units digit of 17942582?
2
What is the ten thousands digit of 16851?
1
What is the ten thousands digit of 4407268?
0
What is the hundred thousands digit of 20365246?
3
What is the hundreds digit of 686665?
6
What is the thousands digit of 24476978?
6
What is the hundreds digit of 311933?
9
What is the hundreds digit of 8283509?
5
What is the ten thousands digit of 858796?
5
What is the millions digit 